) = 72*k**2 + 84469*k + 84471. Give i(-1).
74
Let d(q) = 2*q**2 - 104*q - 4009. Calculate d(78).
47
Let s(p) = -35*p**2 - 550*p - 2112. Give s(-9).
3
Let x(r) = -2*r**3 + 23*r**2 + 41*r - 572. Determine x(14).
-978
Let j(b) = -11*b**3 + 3215*b**2 - 853*b - 6722. Calculate j(292).
-6
Let k(f) = 2435*f - 29333. Calculate k(12).
-113
Let j(o) = -6287*o - 201151. What is j(-32)?
33
Let m(w) = -w**2 - 668*w - 10770. Determine m(-16).
-338
Let o(x) = -7*x**2 - 60*x - 663. Determine o(-10).
-763
Let c(d) = -3653*d + 456784. Calculate c(125).
159
Let x(h) = -5*h**2 + 63*h - 86. What is x(2)?
20
Let q(s) = -3*s**3 + 244*s**2 - 237*s - 6650. What is q(80)?
-10
Let x(l) = -1116*l - 34728. Calculate x(-31).
-132
Let g(r) = -5503*r - 147282. Give g(-27).
1299
Let i(z) = 3*z**2 + 167*z + 1761. Give i(-40).
-119
Let l(r) = -2*r**2 + 2750*r - 21924. What is l(8)?
-52
Let s(w) = 73452*w + 8153193. Give s(-111).
21
Let f(u) = 87750*u + 1140742. Give f(-13).
-8
Let l(k) = -8*k**3 - 1485*k**2 + 554*k - 766. Calculate l(-186).
-22
Let t(p) = 4874*p - 121872. Determine t(25).
-22
Let o(u) = 16*u**2 - 1188*u - 39692. Calculate o(-25).
8
Let q(r) = -3604*r + 18022. Determine q(5).
2
Let h(l) = -3560*l - 38929. What is h(-11)?
231
Let q(c) = 32*c**2 - 52*c + 17. Determine q(9).
2141
Let d(s) = 137*s + 1516. Determine d(-10).
146
Let y(c) = -425*c + 73785. Give y(173).
260
Let y(w) = -6*w**3 - 542*w**2 - 2715*w + 324. What is y(-85)?
-101
Let s(y) = -17831*y - 445738. Give s(-25).
37
Let m(v) = 3*v**3 - 54*v**2 - 187*v + 1. Give m(0).
1
Let x(s) = 76847*s + 535. Calculate x(0).
535
Let i(w) = -9641*w + 202408. What is i(21)?
-53
Let v(z) = z**3 + 131*z**2 - 2109*z + 11832. Calculate v(-146).
6
Let x(l) = -l**3 - 93*l**2 - 2077*l - 241. Determine x(-56).
39
Let p(t) = -2213*t + 380644. Give p(172).
8
Let k(p) = -p**3 - 259*p**2 - 1272*p + 244510. Calculate k(-250).
10
Let s(t) = 70514*t + 3455162. Calculate s(-49).
-24
Let b(l) = 2*l**3 + 23*l**2 - 436*l + 52. What is b(10)?
-8
Let r(n) = -586*n + 18320. Give r(32).
-432
Let n(v) = v**2 - 3662*v - 253780. Give n(-68).
-140
Let f(l) = -578*l**2 - 4713*l - 699. Calculate f(-8).
13
Let g(l) = -15*l**3 - 307*l**2 - 712*l + 8583. What is g(-10)?
3
Let w(k) = 7209*k - 79279. Determine w(11).
20
Let y(u) = -u**3 + 9*u**2 + 70*u + 52. Calculate y(-7).
346
Let l(y) = 2*y**3 - 185*y**2 + 100*y + 146. Give l(92).
882
Let f(j) = -1805*j - 130017. Determine f(-72).
-57
Let j(v) = v**3 - 221*v**2 - 686*v - 45. Give j(-3).
-3
Let d(g) = 6174*g - 351876. What is d(57)?
42
Let a(s) = s**2 - 708743*s + 5669875. Give a(8).
-5
Let m(c) = -2*c**2 - 44*c + 532. Give m(-27).
262
Let a(s) = s**3 + 3*s**2 - 21044*s - 147069. Determine a(-7).
43
Let z(u) = -10*u**2 + 1555*u - 3127. Determine z(155).
-2352
Let a(b) = -124*b**2 + 12154*b + 85. Calculate a(98).
281
Let k(h) = -3*h**3 + 602*h**2 - 405*h + 997. Give k(200).
-3
Let g(y) = -2*y**3 - 597*y**2 + 924*y + 7550. What is g(-300)?
350
Let u(q) = -q**3 - 854*q**2 - 14237*q - 6832. What is u(-837)?
-136
Let a(u) = -u**3 - 57*u**2 + 529*u + 40. What is a(9)?
-545
Let g(d) = 213*d - 257. Determine g(-2).
-683
Let x(w) = -5*w**3 + 41*w**2 - 26*w + 65. Give x(6).
305
Let j(w) = -3*w**3 - 5*w**2 + 79*w - 149. Calculate j(4).
-105
Let q(z) = -5*z**2 - 2371*z - 200256. Determine q(-110).
54
Let g(w) = w**3 + 41*w**2 - 72*w + 84. Calculate g(-43).
-518
Let a(s) = 5*s**2 + 49*s + 34. What is a(-14)?
328
Let p(h) = 28264*h + 7716071. Determine p(-273).
-1
Let r(n) = 170*n + 174414. Determine r(-1026).
-6
Let u(m) = -3*m**2 + 526*m - 11489. Give u(154).
-1633
Let s(t) = -1884*t**2 + 65939*t + 32. Give s(35).
-3
Let w(z) = -z**3 - 9*z**2 + 19*z - 135. What is w(-9)?
-306
Let n(t) = -1463*t - 152662. Give n(-103).
-1973
Let w(g) = 3*g**3 - 15*g**2 + 805*g - 5945. Determine w(7).
-16
Let b(i) = 9018*i**2 + 27056*i - 1. Determine b(-3).
-7
Let l(r) = 425*r - 14265. Calculate l(34).
185
Let k(p) = 6*p**2 - 57577*p + 460385. Give k(8).
153
Let a(w) = 39727*w + 754804. What is a(-19)?
-9
Let w(p) = p**3 + 429*p**2 + 7517*p - 428807. Give w(-408).
1
Let n(r) = 4*r**2 + 89*r - 866. What is n(11)?
597
Let q(f) = -f**2 - 13936*f + 83632. Calculate q(6).
-20
Let l(u) = 249*u - 4692. Calculate l(22).
786
Let c(k) = 294*k + 919. Calculate c(-2).
331
Let g(l) = -19*l**2 + 651*l - 166. Calculate g(34).
4
Let c(r) = r**3 + 776*r**2 - 34383*r + 1150. Calculate c(42).
16
Let r(y) = -106664*y - 2026592. What is r(-19)?
24
Let i(m) = 3*m**2 - 3461*m + 20885. Give i(6).
227
Let y(x) = -2*x**2 - 159282*x + 477851. Determine y(3).
-13
Let w(m) = 2*m**2 - 736*m + 65778. Give w(152).
114
Let t(m) = -5*m**3 + 3382*m**2 + 2033*m - 1270. Determine t(677).
84
Let f(c) = 218*c**2 - 2392*c - 61. Determine f(11).
5
Let y(q) = -2461*q - 8819. What is y(-4)?
1025
Let x(u) = -u**3 + 19*u**2 + 46*u - 889. What is x(18)?
263
Let d(u) = -25906*u + 1347162. Give d(52).
50
Let j(o) = 4152*o + 228352. Determine j(-55).
-8
Let t(z) = -1091*z - 4147. Calculate t(-4).
217
Let q(u) = 8*u**3 - 70*u**2 - 35*u + 46. What is q(9)?
-107
Let o(q) = q**3 - q**2 - 1390*q + 3539. Determine o(-38).
43
Let m(k) = -3589*k - 2357921. Determine m(-657).
52
Let m(c) = -2330*c - 60590. What is m(-26)?
-10
Let n(t) = -20*t + 70. Determine n(4).
-10
Let x(u) = u**3 + 58*u**2 + 208*u + 15744. Give x(-59).
-9
Let p(u) = -u**2 - 949*u + 12502. Calculate p(13).
-4
Let h(i) = 44*i - 9491. Give h(196).
-867
Let q(d) = 484547*d - 9690941. Give q(20).
-1
Let i(z) = -241*z**2 - 730*z - 19. Determine i(-3).
2
Let x(r) = r**2 + 20*r + 62. Give x(-12).
-34
Let j(t) = t**3 - 46*t**2 - 2527*t + 2427. What is j(78)?
9
Let s(k) = -5*k**3 - 440*k**2 - 441*k - 517. Give s(-87).
5
Let z(w) = 340*w**2 - 2380*w - 19. Calculate z(7).
-19
Let r(i) = 19*i**3 + 1387*i**2 + 6*i + 279. Determine r(-73).
-159
Let y(l) = -14*l**2 - 1592*l - 4786. What is y(-3)?
-136
Let n(i) = 3*i**3 - 280*i**2 + 4120*i + 379. Determine n(75).
4
Let t(y) = -1100*y - 64913. Determine t(-59).
-13
Let y(k) = -23*k**2 + 807*k - 4985. Give y(8).
-1
Let m(p) = -42543*p + 212709. Give m(5).
-6
Let s(v) = 3*v**3 - 46*v**2 - 6*v + 1115. Calculate s(14).
247
Let k(f) = 132*f + 2072. Calculate k(-2).
1808
Let k(u) = -u**3 - 6*u**2 - 12*u - 1383. Calculate k(-14).
353
Let q(h) = 309*h + 10807. What is q(-32)?
919
Let i(s) = 3*s**3 - 58*s**2 + 32*s + 182. Give i(16).
-1866
Let t(o) = 8045*o + 152725. Calculate t(-19).
-130
Let y(l) = 34*l**2 + 2*l + 32. Calculate y(5).
892
Let s(c) = c**2 + 57*c - 17545. Calculate s(-164).
3
Let j(o) = -2*o**3 - 104*o**2 - 861*o - 14226. Determine j(-46).
-12
Let f(r) = 127*r**3 + 7236*r**2 - 189*r - 1024. Calculate f(-57).
2
Let b(g) = 747*g + 31425. Calculate b(-42).
51
Let n(j) = 942*j + 7460. Determine n(-8).
-76
Let d(p) = 308*p + 270449. Give d(-878).
25
Let r(b) = 14*b**2 + 48*b + 97. What is r(-9)?
799
Let k(o) = -o**3 + 262*o**2 - 4602*o - 3647. What is k(243)?
-2
Let c(y) = -2*y**2 - 5880*y + 452255. Calculate c(75).
5
Let o(l) = 11*l**2 - 2929*l - 17097. Determine o(272).
39
Let z(j) = -338*j**2 - 70646*j - 834. Determine z(-209).
2
Let f(b) = -218*b**2 + 27068*b - 4467. Give f(124).
-3
Let m(j) = 2*j**2 - 2985*j - 20915. Calculate m(-7).
78
Let d(r) = 36603*r + 915022. What is d(-25)?
-53
Let g(o) = 3694*o + 520806. Calculate g(-141).
-48
Let g(q) = -3840*q + 80630. Calculate g(21).
-10
Let o(x) = -534*x + 3735. Calculate o(8).
-537
Let v(g) = -g**2 - 44*g + 2143. Calculate v(40).
-1217
Let q(c) = -3*c**3 + 13*c**2 - 59371*c + 178108. What is q(3)?
31
Let k(n) = -18743*n - 618415. Determine k(-33).
104
Let v(c) = 3*c**2 + 92*c + 163. Give v(-29).
18
Let d(g) = -g**3 + 16*g**2 + 13*g - 177. Determine d(16).
31
Let x(p) = -154*p**2 - 3083*p - 40. Calculate x(-20).
20
Let r(z) = -2*z**2 - 2565*z + 18063. Calculate r(7).
10
Let j(n) = 11410*n**2 + 34220*n - 5. Calculate j(-3).
25
Let f(n) = n**3 - 216*n**2 + 4103*n - 1583. Determine f(195).
-23
Let m(j) = 1105*j**2 + 19847*j - 769. Give m(-18).
5
Let t(w) = w**2 - 5170*w + 97868. Determine t(19).
-1
Let v(a) = 123661*a + 618300. Determine v(-5).
-5
Let n(h) = 41*h**3 + 182*h**2 - 290*h - 1443. What is n(-4)?
5
Let k(s) = -976*s + 8760. Give k(9).
-24
Let s(g) = 24*g**3 - 4*g**2 - 205*g + 415. Determine s(2).
181
Let d(a) = -483*a